{"id":502,"date":"2023-03-13T15:48:58","date_gmt":"2023-03-13T18:48:58","guid":{"rendered":"https:\/\/leaonatecnoshow.com.br\/?page_id=502"},"modified":"2023-03-13T17:31:39","modified_gmt":"2023-03-13T20:31:39","slug":"termo-de-uso","status":"publish","type":"page","link":"https:\/\/leaonatecnoshow.com.br\/?page_id=502","title":{"rendered":"Termos de Uso"},"content":{"rendered":"\t\t<div data-elementor-type=\"wp-page\" data-elementor-id=\"502\" class=\"elementor elementor-502\">\n\t\t\t\t\t\t<section class=\"elementor-section elementor-top-section elementor-element elementor-element-61edb2a elementor-section-boxed elementor-section-height-default elementor-section-height-default\" data-id=\"61edb2a\" data-element_type=\"section\">\n\t\t\t\t\t\t<div class=\"elementor-container elementor-column-gap-default\">\n\t\t\t\t\t<div class=\"elementor-column elementor-col-100 elementor-top-column elementor-element elementor-element-82a2874\" data-id=\"82a2874\" data-element_type=\"column\">\n\t\t\t<div class=\"elementor-widget-wrap elementor-element-populated\">\n\t\t\t\t\t\t<div class=\"elementor-element elementor-element-8073765 elementor-widget elementor-widget-image\" data-id=\"8073765\" data-element_type=\"widget\" data-widget_type=\"image.default\">\n\t\t\t\t<div class=\"elementor-widget-container\">\n\t\t\t<style>\/*! elementor - v3.20.0 - 20-03-2024 *\/\n.elementor-widget-image{text-align:center}.elementor-widget-image a{display:inline-block}.elementor-widget-image a img[src$=\".svg\"]{width:48px}.elementor-widget-image img{vertical-align:middle;display:inline-block}<\/style>\t\t\t\t\t\t\t\t\t\t<img fetchpriority=\"high\" decoding=\"async\" width=\"620\" height=\"390\" src=\"https:\/\/leaonatecnoshow.com.br\/wp-content\/uploads\/2023\/03\/Copia-de-IMG-20181009-WA0013-Luciana-Leao-1.jpg\" class=\"attachment-large size-large wp-image-511\" alt=\"\" srcset=\"https:\/\/leaonatecnoshow.com.br\/wp-content\/uploads\/2023\/03\/Copia-de-IMG-20181009-WA0013-Luciana-Leao-1.jpg 620w, https:\/\/leaonatecnoshow.com.br\/wp-content\/uploads\/2023\/03\/Copia-de-IMG-20181009-WA0013-Luciana-Leao-1-300x189.jpg 300w\" sizes=\"(max-width: 620px) 100vw, 620px\" \/>\t\t\t\t\t\t\t\t\t\t\t\t\t<\/div>\n\t\t\t\t<\/div>\n\t\t\t\t<div class=\"elementor-element elementor-element-54a370d elementor-widget elementor-widget-text-editor\" data-id=\"54a370d\" data-element_type=\"widget\" data-widget_type=\"text-editor.default\">\n\t\t\t\t<div class=\"elementor-widget-container\">\n\t\t\t<style>\/*! elementor - v3.20.0 - 20-03-2024 *\/\n.elementor-widget-text-editor.elementor-drop-cap-view-stacked .elementor-drop-cap{background-color:#69727d;color:#fff}.elementor-widget-text-editor.elementor-drop-cap-view-framed .elementor-drop-cap{color:#69727d;border:3px solid;background-color:transparent}.elementor-widget-text-editor:not(.elementor-drop-cap-view-default) .elementor-drop-cap{margin-top:8px}.elementor-widget-text-editor:not(.elementor-drop-cap-view-default) .elementor-drop-cap-letter{width:1em;height:1em}.elementor-widget-text-editor .elementor-drop-cap{float:left;text-align:center;line-height:1;font-size:50px}.elementor-widget-text-editor .elementor-drop-cap-letter{display:inline-block}<\/style>\t\t\t\t<p><strong>Termos de Uso<\/strong><\/p>\t\t\t\t\t\t<\/div>\n\t\t\t\t<\/div>\n\t\t\t\t<div class=\"elementor-element elementor-element-bab2348 elementor-widget elementor-widget-text-editor\" data-id=\"bab2348\" data-element_type=\"widget\" data-widget_type=\"text-editor.default\">\n\t\t\t\t<div class=\"elementor-widget-container\">\n\t\t\t\t\t\t\t<p><strong>1. Termos<\/strong><br \/>Ao acessar ao site Le\u00e3o M\u00e1quinas, concorda em cumprir estes termos de servi\u00e7o, todas as leis e regulamentos aplic\u00e1veis \u200b\u200be concorda que \u00e9 respons\u00e1vel pelo cumprimento de todas as leis locais aplic\u00e1veis. Se voc\u00ea n\u00e3o concordar com algum desses termos, est\u00e1 proibido de usar ou acessar este site. Os materiais contidos neste site s\u00e3o protegidos pelas leis de direitos autorais e marcas comerciais aplic\u00e1veis.<\/p><p><strong>2. Uso de Licen\u00e7a<\/strong><br \/>\u00c9 concedida permiss\u00e3o para baixar temporariamente uma c\u00f3pia dos materiais (informa\u00e7\u00f5es ou software) no site Le\u00e3o M\u00e1quinas , apenas para visualiza\u00e7\u00e3o transit\u00f3ria pessoal e n\u00e3o comercial. Esta \u00e9 a concess\u00e3o de uma licen\u00e7a, n\u00e3o uma transfer\u00eancia de t\u00edtulo e, sob esta licen\u00e7a, voc\u00ea n\u00e3o pode:<\/p><p>modificar ou copiar os materiais; <br \/>usar os materiais para qualquer finalidade comercial ou para exibi\u00e7\u00e3o p\u00fablica (comercial ou n\u00e3o comercial); <br \/>tentar descompilar ou fazer engenharia reversa de qualquer software contido no site Le\u00e3o M\u00e1quinas; <br \/>remover quaisquer direitos autorais ou outras nota\u00e7\u00f5es de propriedade dos materiais; ou <br \/>transferir os materiais para outra pessoa ou &#8216;espelhe&#8217; os materiais em qualquer outro servidor.<br \/>Esta licen\u00e7a ser\u00e1 automaticamente rescindida se voc\u00ea violar alguma dessas restri\u00e7\u00f5es e poder\u00e1 ser rescindida por Le\u00e3o M\u00e1quinas a qualquer momento. Ao encerrar a visualiza\u00e7\u00e3o desses materiais ou ap\u00f3s o t\u00e9rmino desta licen\u00e7a, voc\u00ea deve apagar todos os materiais baixados em sua posse, seja em formato eletr\u00f3nico ou impresso.<\/p><p><strong>3. Isen\u00e7\u00e3o de responsabilidade<\/strong><br \/>Os materiais no site da Le\u00e3o M\u00e1quinas s\u00e3o fornecidos &#8216;como est\u00e3o&#8217;. Le\u00e3o M\u00e1quinas n\u00e3o oferece garantias, expressas ou impl\u00edcitas, e, por este meio, isenta e nega todas as outras garantias, incluindo, sem limita\u00e7\u00e3o, garantias impl\u00edcitas ou condi\u00e7\u00f5es de comercializa\u00e7\u00e3o, adequa\u00e7\u00e3o a um fim espec\u00edfico ou n\u00e3o viola\u00e7\u00e3o de propriedade intelectual ou outra viola\u00e7\u00e3o de direitos.<br \/>Al\u00e9m disso, o Le\u00e3o M\u00e1quinas n\u00e3o garante ou faz qualquer representa\u00e7\u00e3o relativa \u00e0 precis\u00e3o, aos resultados prov\u00e1veis \u200b\u200bou \u00e0 confiabilidade do uso dos materiais em seu site ou de outra forma relacionado a esses materiais ou em sites vinculados a este site.<br \/><br \/><strong>4. Limita\u00e7\u00f5es<\/strong><br \/>Em nenhum caso o Le\u00e3o M\u00e1quinas ou seus fornecedores ser\u00e3o respons\u00e1veis \u200b\u200bpor quaisquer danos (incluindo, sem limita\u00e7\u00e3o, danos por perda de dados ou lucro ou devido a interrup\u00e7\u00e3o dos neg\u00f3cios) decorrentes do uso ou da incapacidade de usar os materiais em Le\u00e3o M\u00e1quinas, mesmo que Le\u00e3o M\u00e1quinas ou um representante autorizado da Le\u00e3o M\u00e1quinas tenha sido notificado oralmente ou por escrito da possibilidade de tais danos. Como algumas jurisdi\u00e7\u00f5es n\u00e3o permitem limita\u00e7\u00f5es em garantias impl\u00edcitas, ou limita\u00e7\u00f5es de responsabilidade por danos conseq\u00fcentes ou incidentais, essas limita\u00e7\u00f5es podem n\u00e3o se aplicar a voc\u00ea.<\/p><p><strong>5. Precis\u00e3o dos materiais<\/strong><br \/>Os materiais exibidos no site da Le\u00e3o M\u00e1quinas podem incluir erros t\u00e9cnicos, tipogr\u00e1ficos ou fotogr\u00e1ficos. Le\u00e3o M\u00e1quinas n\u00e3o garante que qualquer material em seu site seja preciso, completo ou atual. Le\u00e3o M\u00e1quinas pode fazer altera\u00e7\u00f5es nos materiais contidos em seu site a qualquer momento, sem aviso pr\u00e9vio. No entanto, Le\u00e3o M\u00e1quinas n\u00e3o se compromete a atualizar os materiais.<\/p><p><strong>6. Links<\/strong><br \/>O Le\u00e3o M\u00e1quinas n\u00e3o analisou todos os sites vinculados ao seu site e n\u00e3o \u00e9 respons\u00e1vel pelo conte\u00fado de nenhum site vinculado. A inclus\u00e3o de qualquer link n\u00e3o implica endosso por Le\u00e3o M\u00e1quinas do site. O uso de qualquer site vinculado \u00e9 por conta e risco do usu\u00e1rio.<\/p><p>\u00a0<\/p><p><strong>Modifica\u00e7\u00f5es<\/strong><br \/>O Le\u00e3o M\u00e1quinas pode revisar estes termos de servi\u00e7o do site a qualquer momento, sem aviso pr\u00e9vio. Ao usar este site, voc\u00ea concorda em ficar vinculado \u00e0 vers\u00e3o atual desses termos de servi\u00e7o.<\/p><p><strong>Lei aplic\u00e1vel<\/strong><br \/>Estes termos e condi\u00e7\u00f5es s\u00e3o regidos e interpretados de acordo com as leis do Le\u00e3o M\u00e1quinas e voc\u00ea se submete irrevogavelmente \u00e0 jurisdi\u00e7\u00e3o exclusiva dos tribunais naquele estado ou localidade.<\/p>\t\t\t\t\t\t<\/div>\n\t\t\t\t<\/div>\n\t\t\t\t\t<\/div>\n\t\t<\/div>\n\t\t\t\t\t<\/div>\n\t\t<\/section>\n\t\t\t\t<section class=\"elementor-section elementor-top-section elementor-element elementor-element-09ed916 elementor-section-boxed elementor-section-height-default elementor-section-height-default\" data-id=\"09ed916\" data-element_type=\"section\">\n\t\t\t\t\t\t<div class=\"elementor-container elementor-column-gap-default\">\n\t\t\t\t\t<div class=\"elementor-column elementor-col-25 elementor-top-column elementor-element elementor-element-d3f1ebc\" data-id=\"d3f1ebc\" data-element_type=\"column\">\n\t\t\t<div class=\"elementor-widget-wrap elementor-element-populated\">\n\t\t\t\t\t\t<div class=\"elementor-element elementor-element-97bd329 elementor-widget elementor-widget-text-editor\" data-id=\"97bd329\" data-element_type=\"widget\" data-widget_type=\"text-editor.default\">\n\t\t\t\t<div class=\"elementor-widget-container\">\n\t\t\t\t\t\t\t<a href=\"https:\/\/leaonatecnoshow.com.br\/\"><span style=\"color:#000000\"><strong>LE\u00c3O M\u00c1QUINAS<\/strong>\u00a9 2023 TODOS OS DIREITOS RESERVADOS<\/a><\/span>\t\t\t\t\t\t<\/div>\n\t\t\t\t<\/div>\n\t\t\t\t\t<\/div>\n\t\t<\/div>\n\t\t\t\t<div class=\"elementor-column elementor-col-25 elementor-top-column elementor-element elementor-element-3e9d36f\" data-id=\"3e9d36f\" data-element_type=\"column\">\n\t\t\t<div class=\"elementor-widget-wrap elementor-element-populated\">\n\t\t\t\t\t\t<div class=\"elementor-element elementor-element-c48262d elementor-widget elementor-widget-text-editor\" data-id=\"c48262d\" data-element_type=\"widget\" data-widget_type=\"text-editor.default\">\n\t\t\t\t<div class=\"elementor-widget-container\">\n\t\t\t\t\t\t\t<span style=\"text-decoration: underline;\"><a href=\"https:\/\/leaonatecnoshow.com.br\/?page_id=517\"><span class=\"elementor-button-content-wrapper\"><span class=\"elementor-button-text\"><span style=\"color:#000000\">Pol\u00edticas de Privacidade<\/span><\/span><\/span><\/a><\/span>\t\t\t\t\t\t<\/div>\n\t\t\t\t<\/div>\n\t\t\t\t\t<\/div>\n\t\t<\/div>\n\t\t\t\t<div class=\"elementor-column elementor-col-25 elementor-top-column elementor-element elementor-element-90e3ded\" data-id=\"90e3ded\" data-element_type=\"column\">\n\t\t\t<div class=\"elementor-widget-wrap elementor-element-populated\">\n\t\t\t\t\t\t<div class=\"elementor-element elementor-element-0a176eb elementor-widget elementor-widget-text-editor\" data-id=\"0a176eb\" data-element_type=\"widget\" data-widget_type=\"text-editor.default\">\n\t\t\t\t<div class=\"elementor-widget-container\">\n\t\t\t\t\t\t\t<a href=\"https:\/\/leaonatecnoshow.com.br\/?page_id=502\"><span style=\"text-decoration: underline;\"><span style=\"color: #000000; text-decoration: underline;\">Termos de Uso<\/span><\/span><\/span><\/a>\t\t\t\t\t\t<\/div>\n\t\t\t\t<\/div>\n\t\t\t\t\t<\/div>\n\t\t<\/div>\n\t\t\t\t<div class=\"elementor-column elementor-col-25 elementor-top-column elementor-element elementor-element-75a0dbd\" data-id=\"75a0dbd\" data-element_type=\"column\">\n\t\t\t<div class=\"elementor-widget-wrap elementor-element-populated\">\n\t\t\t\t\t\t<div class=\"elementor-element elementor-element-39c0268 elementor-widget elementor-widget-image\" data-id=\"39c0268\" data-element_type=\"widget\" data-widget_type=\"image.default\">\n\t\t\t\t<div class=\"elementor-widget-container\">\n\t\t\t\t\t\t\t\t\t\t\t\t\t\t<a href=\"https:\/\/novalemon.com\/\">\n\t\t\t\t\t\t\t<img decoding=\"async\" width=\"480\" height=\"234\" src=\"https:\/\/leaonatecnoshow.com.br\/wp-content\/uploads\/2023\/03\/Design-sem-nome-16-1-1.png\" class=\"attachment-large size-large wp-image-449\" alt=\"\" srcset=\"https:\/\/leaonatecnoshow.com.br\/wp-content\/uploads\/2023\/03\/Design-sem-nome-16-1-1.png 480w, https:\/\/leaonatecnoshow.com.br\/wp-content\/uploads\/2023\/03\/Design-sem-nome-16-1-1-300x146.png 300w\" sizes=\"(max-width: 480px) 100vw, 480px\" \/>\t\t\t\t\t\t\t\t<\/a>\n\t\t\t\t\t\t\t\t\t\t\t\t\t<\/div>\n\t\t\t\t<\/div>\n\t\t\t\t\t<\/div>\n\t\t<\/div>\n\t\t\t\t\t<\/div>\n\t\t<\/section>\n\t\t\t\t<\/div>\n\t\t","protected":false},"excerpt":{"rendered":"<p>Termos de Uso 1. TermosAo acessar ao site Le\u00e3o M\u00e1quinas, concorda em cumprir estes termos de servi\u00e7o, todas as leis e regulamentos aplic\u00e1veis \u200b\u200be concorda que \u00e9 respons\u00e1vel pelo cumprimento de todas as leis locais aplic\u00e1veis. Se voc\u00ea n\u00e3o concordar com algum desses termos, est\u00e1 proibido de usar ou acessar este site. Os materiais contidos [&hellip;]<\/p>\n","protected":false},"author":1,"featured_media":0,"parent":0,"menu_order":0,"comment_status":"closed","ping_status":"closed","template":"elementor_canvas","meta":{"footnotes":""},"class_list":["post-502","page","type-page","status-publish","hentry"],"_links":{"self":[{"href":"https:\/\/leaonatecnoshow.com.br\/index.php?rest_route=\/wp\/v2\/pages\/502","targetHints":{"allow":["GET"]}}],"collection":[{"href":"https:\/\/leaonatecnoshow.com.br\/index.php?rest_route=\/wp\/v2\/pages"}],"about":[{"href":"https:\/\/leaonatecnoshow.com.br\/index.php?rest_route=\/wp\/v2\/types\/page"}],"author":[{"embeddable":true,"href":"https:\/\/leaonatecnoshow.com.br\/index.php?rest_route=\/wp\/v2\/users\/1"}],"replies":[{"embeddable":true,"href":"https:\/\/leaonatecnoshow.com.br\/index.php?rest_route=%2Fwp%2Fv2%2Fcomments&post=502"}],"version-history":[{"count":18,"href":"https:\/\/leaonatecnoshow.com.br\/index.php?rest_route=\/wp\/v2\/pages\/502\/revisions"}],"predecessor-version":[{"id":560,"href":"https:\/\/leaonatecnoshow.com.br\/index.php?rest_route=\/wp\/v2\/pages\/502\/revisions\/560"}],"wp:attachment":[{"href":"https:\/\/leaonatecnoshow.com.br\/index.php?rest_route=%2Fwp%2Fv2%2Fmedia&parent=502"}],"curies":[{"name":"wp","href":"https:\/\/api.w.org\/{rel}","templated":true}]}}